{"id":7,"date":"2014-04-04T09:10:20","date_gmt":"2014-04-04T07:10:20","guid":{"rendered":"http:\/\/www.mitzlaff.info\/wordpress\/?page_id=7"},"modified":"2023-01-31T00:40:36","modified_gmt":"2023-01-30T22:40:36","slug":"services","status":"publish","type":"page","link":"https:\/\/www.mitzlaff.info\/?page_id=7","title":{"rendered":"Vertretungen"},"content":{"rendered":"<p>Als Industrievertretung vertreten wir verschiedene Unternehmen aus den Bereichen Heizung, L\u00fcftung und Sanit\u00e4r.\u00a0F\u00fcr die von uns gew\u00e4hlten Partner werden wir in den unterschiedlichsten Bereichen aktiv.\u00a0Ein enger Kontakt und ein intensiver Informationsaustausch bilden dabei die Basis einer erfolgreichen Zusammenarbeit.\u00a0F\u00fcr weitergehende Informationen zum jeweiligen Partner folgen Sie einfach den Link zu den entsprechenden Unternehmens-Webseiten.<\/p>\n<p>&nbsp;<\/p>\n<p>&nbsp;<\/p>\n<table id=\"mcconntb1\">\n<tbody>\n<tr>\n<td width=\"322px\"><a href=\"http:\/\/www.xylemwatersolutions.com\/scs\/germany\/de-de\/marken\/lowara-vogel-goulds\/seiten\/default.aspx\" target=\"_blank\" rel=\"noopener noreferrer\"><img data-recalc-dims=\"1\" loading=\"lazy\" decoding=\"async\" data-attachment-id=\"219\" data-permalink=\"https:\/\/www.mitzlaff.info\/?attachment_id=219\" data-orig-file=\"https:\/\/i0.wp.com\/www.mitzlaff.info\/wp-content\/uploads\/2017\/12\/100px-height-lowara.png?fit=253%2C100&amp;ssl=1\" data-orig-size=\"253,100\" data-comments-opened=\"1\" data-image-meta=\"{&quot;aperture&quot;:&quot;0&quot;,&quot;credit&quot;:&quot;&quot;,&quot;camera&quot;:&quot;&quot;,&quot;caption&quot;:&quot;&quot;,&quot;created_timestamp&quot;:&quot;0&quot;,&quot;copyright&quot;:&quot;&quot;,&quot;focal_length&quot;:&quot;0&quot;,&quot;iso&quot;:&quot;0&quot;,&quot;shutter_speed&quot;:&quot;0&quot;,&quot;title&quot;:&quot;&quot;,&quot;orientation&quot;:&quot;0&quot;}\" data-image-title=\"100px-height-lowara\" data-image-description=\"\" data-image-caption=\"\" data-medium-file=\"https:\/\/i0.wp.com\/www.mitzlaff.info\/wp-content\/uploads\/2017\/12\/100px-height-lowara.png?fit=253%2C100&amp;ssl=1\" data-large-file=\"https:\/\/i0.wp.com\/www.mitzlaff.info\/wp-content\/uploads\/2017\/12\/100px-height-lowara.png?fit=253%2C100&amp;ssl=1\" class=\"aligncenter size-full wp-image-219\" src=\"https:\/\/i0.wp.com\/www.mitzlaff.info\/wp-content\/uploads\/2017\/12\/100px-height-lowara.png?resize=253%2C100&#038;ssl=1\" alt=\"Xylem Lowara\" width=\"253\" height=\"100\" \/><\/a><\/td>\n<td valign=\"top\" height=\"100px\"><em><strong>XYLEM<br \/>\n<\/strong><\/em>Xylem ist mit der Marke Lowara weltweit f\u00fchrend in der Herstellung von Edelstahlpumpen mit einem breiten Anwendungsgebiet in der Wasserversorgung, Bew\u00e4sserungstechnik, Heizungs- und Klimatechnik, Wasseraufbereitung sowie Feuerl\u00f6schanlagen in der Geb\u00e4udetechnik, Industrie und Landwirtschaft.<\/td>\n<\/tr>\n<p><!-- TEMPOR\u00c4R DEAKTIVERT AUF KUNDENWUNSCH (eMail vom 15.08.2019 - 18:26)\n\n\n<tr>\n\n\n<td><a href=\"https:\/\/zsa-online.de\/\" target=\"_blank\" rel=\"noopener noreferrer\"><img loading=\"lazy\" decoding=\"async\" data-attachment-id=\"223\" data-permalink=\"https:\/\/www.mitzlaff.info\/?attachment_id=223\" data-orig-file=\"https:\/\/i0.wp.com\/www.mitzlaff.info\/wp-content\/uploads\/2017\/12\/100px-height-ZSA-Logo.jpg?fit=100%2C100&amp;ssl=1\" data-orig-size=\"100,100\" data-comments-opened=\"1\" data-image-meta=\"{&quot;aperture&quot;:&quot;0&quot;,&quot;credit&quot;:&quot;&quot;,&quot;camera&quot;:&quot;&quot;,&quot;caption&quot;:&quot;&quot;,&quot;created_timestamp&quot;:&quot;0&quot;,&quot;copyright&quot;:&quot;&quot;,&quot;focal_length&quot;:&quot;0&quot;,&quot;iso&quot;:&quot;0&quot;,&quot;shutter_speed&quot;:&quot;0&quot;,&quot;title&quot;:&quot;&quot;,&quot;orientation&quot;:&quot;0&quot;}\" data-image-title=\"100px-height-ZSA-Logo\" data-image-description=\"\" data-image-caption=\"\" data-medium-file=\"https:\/\/i0.wp.com\/www.mitzlaff.info\/wp-content\/uploads\/2017\/12\/100px-height-ZSA-Logo.jpg?fit=100%2C100&amp;ssl=1\" data-large-file=\"https:\/\/i0.wp.com\/www.mitzlaff.info\/wp-content\/uploads\/2017\/12\/100px-height-ZSA-Logo.jpg?fit=100%2C100&amp;ssl=1\" class=\"aligncenter size-full wp-image-223\" src=\"https:\/\/www.mitzlaff.info\/wp-content\/uploads\/2017\/12\/100px-height-ZSA-Logo.jpg\" alt=\"ZSA\" width=\"100\" height=\"100\" \/><\/a><\/td>\n\n\n\n\n<td valign=\"top\">ZSA ist ein mittelst\u00e4ndiges Unternehmen in der Pfalz. ZSA entwickelt und produziert innovative Produkte der Haustechnik in Deutschland, vermarktet diese \u00fcber den dreistufigen Vertriebsweg in Deutschland und \u00fcber Handelspartner in 20 weiteren L\u00e4ndern.\nZu den Produkten geh\u00f6ren seit 1990 Zentralstaubsauger, W\u00e4scheabwurfsysteme. Die Produkte werden unter den Marken Variovac, Easy-Line vertrieben. Sie sind geeignet f\u00fcr den Einsatz in Wohn- und Gewerbebau.<\/td>\n\n\n<\/tr>\n\n\n\n\n<tr>\n\n\n<td><a href=\"https:\/\/vario-vent.de\/\" target=\"_blank\" rel=\"noopener noreferrer\"><img loading=\"lazy\" decoding=\"async\" data-attachment-id=\"237\" data-permalink=\"https:\/\/www.mitzlaff.info\/?attachment_id=237\" data-orig-file=\"https:\/\/i0.wp.com\/www.mitzlaff.info\/wp-content\/uploads\/2017\/12\/100px-height-Vario-Vent-Logo.png?fit=233%2C100&amp;ssl=1\" data-orig-size=\"233,100\" data-comments-opened=\"1\" data-image-meta=\"{&quot;aperture&quot;:&quot;0&quot;,&quot;credit&quot;:&quot;&quot;,&quot;camera&quot;:&quot;&quot;,&quot;caption&quot;:&quot;&quot;,&quot;created_timestamp&quot;:&quot;0&quot;,&quot;copyright&quot;:&quot;&quot;,&quot;focal_length&quot;:&quot;0&quot;,&quot;iso&quot;:&quot;0&quot;,&quot;shutter_speed&quot;:&quot;0&quot;,&quot;title&quot;:&quot;&quot;,&quot;orientation&quot;:&quot;0&quot;}\" data-image-title=\"100px-height-Vario-Vent-Logo\" data-image-description=\"\" data-image-caption=\"\" data-medium-file=\"https:\/\/i0.wp.com\/www.mitzlaff.info\/wp-content\/uploads\/2017\/12\/100px-height-Vario-Vent-Logo.png?fit=233%2C100&amp;ssl=1\" data-large-file=\"https:\/\/i0.wp.com\/www.mitzlaff.info\/wp-content\/uploads\/2017\/12\/100px-height-Vario-Vent-Logo.png?fit=233%2C100&amp;ssl=1\" class=\"aligncenter size-full wp-image-237\" src=\"https:\/\/www.mitzlaff.info\/wp-content\/uploads\/2017\/12\/100px-height-Vario-Vent-Logo.png\" alt=\"Vario Vent L\u00fcftungssysteme\" width=\"233\" height=\"100\" \/><\/a><\/td>\n\n\n\n\n<td>Zusehends dichtere Geb\u00e4udeh\u00fcllen erfordern einen kontrollierten Luftaustausch \u2013 bedarfsgerecht und nutzerunabh\u00e4ngig. Unsere Systeml\u00fcftungsger\u00e4te erm\u00f6glichen eine Frischluftzufuhr, die ebenso komfortabel ist und zudem kostbare W\u00e4rme zur\u00fcckgewinnt. Auch weitere Raumluftbelastungen lassen sich durch die intelligente Sensorik automatisch erkennen und regulieren.<\/td>\n\n\n<\/tr>\n\n\n\n\n<tr>\n\n\n<td><a href=\"http:\/\/www.sem-online.de\/\" target=\"_blank\" rel=\"noopener noreferrer\"><img loading=\"lazy\" decoding=\"async\" data-attachment-id=\"252\" data-permalink=\"https:\/\/www.mitzlaff.info\/?attachment_id=252\" data-orig-file=\"https:\/\/i0.wp.com\/www.mitzlaff.info\/wp-content\/uploads\/2017\/12\/100px-height-sem.png?fit=167%2C100&amp;ssl=1\" data-orig-size=\"167,100\" data-comments-opened=\"1\" data-image-meta=\"{&quot;aperture&quot;:&quot;0&quot;,&quot;credit&quot;:&quot;&quot;,&quot;camera&quot;:&quot;&quot;,&quot;caption&quot;:&quot;&quot;,&quot;created_timestamp&quot;:&quot;0&quot;,&quot;copyright&quot;:&quot;&quot;,&quot;focal_length&quot;:&quot;0&quot;,&quot;iso&quot;:&quot;0&quot;,&quot;shutter_speed&quot;:&quot;0&quot;,&quot;title&quot;:&quot;&quot;,&quot;orientation&quot;:&quot;0&quot;}\" data-image-title=\"100px-height-sem\" data-image-description=\"\" data-image-caption=\"\" data-medium-file=\"https:\/\/i0.wp.com\/www.mitzlaff.info\/wp-content\/uploads\/2017\/12\/100px-height-sem.png?fit=167%2C100&amp;ssl=1\" data-large-file=\"https:\/\/i0.wp.com\/www.mitzlaff.info\/wp-content\/uploads\/2017\/12\/100px-height-sem.png?fit=167%2C100&amp;ssl=1\" class=\"aligncenter size-full wp-image-252\" src=\"https:\/\/www.mitzlaff.info\/wp-content\/uploads\/2017\/12\/100px-height-sem.png\" alt=\"SEM\" width=\"167\" height=\"100\" \/><\/a><\/td>\n\n\n\n\n<td>SEM entwickelt, produziert und liefert ein- und doppelwandige Abgasf\u00fchrungen aus Edelstahl und Kunststoff sowie Zubeh\u00f6r f\u00fcr alle Anwendungsf\u00e4lle im haustechnischen Ma\u00dfstab.<\/td>\n\n\n<\/tr>\n\n\n--><\/p>\n<tr>\n<td><a href=\"https:\/\/www.easyinnovation.de\/\" target=\"_blank\" rel=\"noopener noreferrer\"><img data-recalc-dims=\"1\" loading=\"lazy\" decoding=\"async\" data-attachment-id=\"248\" data-permalink=\"https:\/\/www.mitzlaff.info\/?attachment_id=248\" data-orig-file=\"https:\/\/i0.wp.com\/www.mitzlaff.info\/wp-content\/uploads\/2017\/12\/100px-height-blossom-ic.png?fit=322%2C100&amp;ssl=1\" data-orig-size=\"322,100\" data-comments-opened=\"1\" data-image-meta=\"{&quot;aperture&quot;:&quot;0&quot;,&quot;credit&quot;:&quot;&quot;,&quot;camera&quot;:&quot;&quot;,&quot;caption&quot;:&quot;&quot;,&quot;created_timestamp&quot;:&quot;0&quot;,&quot;copyright&quot;:&quot;&quot;,&quot;focal_length&quot;:&quot;0&quot;,&quot;iso&quot;:&quot;0&quot;,&quot;shutter_speed&quot;:&quot;0&quot;,&quot;title&quot;:&quot;&quot;,&quot;orientation&quot;:&quot;0&quot;}\" data-image-title=\"100px-height-blossom-ic\" data-image-description=\"\" data-image-caption=\"\" data-medium-file=\"https:\/\/i0.wp.com\/www.mitzlaff.info\/wp-content\/uploads\/2017\/12\/100px-height-blossom-ic.png?fit=300%2C93&amp;ssl=1\" data-large-file=\"https:\/\/i0.wp.com\/www.mitzlaff.info\/wp-content\/uploads\/2017\/12\/100px-height-blossom-ic.png?fit=322%2C100&amp;ssl=1\" class=\"aligncenter size-full wp-image-248\" src=\"https:\/\/i0.wp.com\/www.mitzlaff.info\/wp-content\/uploads\/2018\/07\/easyInnovation.jpg?resize=230%2C100&#038;ssl=1\" alt=\"easy Innovation\" width=\"230\" height=\"100\" \/><\/a><\/td>\n<td><em><strong>Easy-Innovation \u2013 Die Idee<br \/>\n<\/strong><\/em>Aus einer Problematik beim installieren der Wandarmaturen entstand die Idee zum universalen S-Anschluss. Aus dieser Idee wurde Realit\u00e4t. So ist der universal S-Anschluss und die Hahnverl\u00e4ngerung nun seit 2016 auf dem Markt.<br \/>\n<em style=\"font-family: inherit; font-size: inherit;\"><strong>Easy-Innovation &#8211; Made in Germany<br \/>\n<\/strong><\/em><span style=\"font-family: inherit; font-size: inherit;\">Unsere Produkte werden alle in Deutschland produziert. Der universal S-Anschluss und die universal Hahnverl\u00e4ngerung aus Rotguss werden durch das renommierte Unternehmen Kemper produziert.<\/span><\/td>\n<\/tr>\n<tr>\n<td><a href=\"https:\/\/sanftlaeufer.de\/\" target=\"_blank\" rel=\"noopener noreferrer\"><img data-recalc-dims=\"1\" loading=\"lazy\" decoding=\"async\" data-attachment-id=\"319\" data-permalink=\"https:\/\/www.mitzlaff.info\/?attachment_id=319\" data-orig-file=\"https:\/\/i0.wp.com\/www.mitzlaff.info\/wp-content\/uploads\/2021\/03\/Sanftlaeufer.jpg?fit=738%2C171&amp;ssl=1\" data-orig-size=\"738,171\" data-comments-opened=\"1\" data-image-meta=\"{&quot;aperture&quot;:&quot;0&quot;,&quot;credit&quot;:&quot;&quot;,&quot;camera&quot;:&quot;&quot;,&quot;caption&quot;:&quot;&quot;,&quot;created_timestamp&quot;:&quot;0&quot;,&quot;copyright&quot;:&quot;&quot;,&quot;focal_length&quot;:&quot;0&quot;,&quot;iso&quot;:&quot;0&quot;,&quot;shutter_speed&quot;:&quot;0&quot;,&quot;title&quot;:&quot;&quot;,&quot;orientation&quot;:&quot;0&quot;}\" data-image-title=\"Sanftlaeufer\" data-image-description=\"\" data-image-caption=\"\" data-medium-file=\"https:\/\/i0.wp.com\/www.mitzlaff.info\/wp-content\/uploads\/2021\/03\/Sanftlaeufer.jpg?fit=300%2C70&amp;ssl=1\" data-large-file=\"https:\/\/i0.wp.com\/www.mitzlaff.info\/wp-content\/uploads\/2021\/03\/Sanftlaeufer.jpg?fit=640%2C148&amp;ssl=1\" class=\"aligncenter size-full wp-image-319\" src=\"https:\/\/i0.wp.com\/www.mitzlaff.info\/wp-content\/uploads\/2021\/03\/Sanftlaeufer.jpg?resize=640%2C148&#038;ssl=1\" alt=\"\" width=\"640\" height=\"148\" srcset=\"https:\/\/i0.wp.com\/www.mitzlaff.info\/wp-content\/uploads\/2021\/03\/Sanftlaeufer.jpg?w=738&amp;ssl=1 738w, https:\/\/i0.wp.com\/www.mitzlaff.info\/wp-content\/uploads\/2021\/03\/Sanftlaeufer.jpg?resize=300%2C70&amp;ssl=1 300w\" sizes=\"auto, (max-width: 640px) 100vw, 640px\" \/><\/a><\/td>\n<td><strong>BODENGLEICHES DUSCHEN \u00dcBERALL<br \/>\n<\/strong><span style=\"font-family: inherit; font-size: inherit;\">Wir entw\u00e4ssern jede Dusche mit unseren Duschabwasserpumpen. Eine ebenerdige Duschl\u00f6sung kann jetzt auch nachtr\u00e4glich in bestehenden, mehrgeschossigen Objekten ohne Deckendurchbruch installiert werden. Die GANG-WAY-GmbH, Erfinder der ebenerdigen Sanftl\u00e4ufer Duschsysteme, hat daf\u00fcr das installationsfertige Komplettset \u201eSanftl\u00e4ufer Universal\u201c entwickelt. Es passt an alle handels\u00fcblichen Duschabl\u00e4ufe und arbeitet mit einer wartungsfreien Pumpe, die normgerecht au\u00dferhalb der Dusche im Bad installiert wird.\u00a0<\/span><\/td>\n<\/tr>\n<tr>\n<td><a href=\"https:\/\/eazy-systems.de\/\" target=\"_blank\" rel=\"noopener noreferrer\"><img data-recalc-dims=\"1\" decoding=\"async\" data-attachment-id=\"248\" data-permalink=\"https:\/\/www.mitzlaff.info\/?attachment_id=248\" data-orig-file=\"https:\/\/i0.wp.com\/www.mitzlaff.info\/wp-content\/uploads\/2017\/12\/100px-height-blossom-ic.png?fit=322%2C100&amp;ssl=1\" data-orig-size=\"322,100\" data-comments-opened=\"1\" data-image-meta=\"{&quot;aperture&quot;:&quot;0&quot;,&quot;credit&quot;:&quot;&quot;,&quot;camera&quot;:&quot;&quot;,&quot;caption&quot;:&quot;&quot;,&quot;created_timestamp&quot;:&quot;0&quot;,&quot;copyright&quot;:&quot;&quot;,&quot;focal_length&quot;:&quot;0&quot;,&quot;iso&quot;:&quot;0&quot;,&quot;shutter_speed&quot;:&quot;0&quot;,&quot;title&quot;:&quot;&quot;,&quot;orientation&quot;:&quot;0&quot;}\" data-image-title=\"100px-height-blossom-ic\" data-image-description=\"\" data-image-caption=\"\" data-medium-file=\"https:\/\/i0.wp.com\/www.mitzlaff.info\/wp-content\/uploads\/2017\/12\/100px-height-blossom-ic.png?fit=300%2C93&amp;ssl=1\" data-large-file=\"https:\/\/i0.wp.com\/www.mitzlaff.info\/wp-content\/uploads\/2017\/12\/100px-height-blossom-ic.png?fit=322%2C100&amp;ssl=1\" class=\"aligncenter size-full wp-image-248\" src=\"https:\/\/i0.wp.com\/www.mitzlaff.info\/wp-content\/uploads\/2023\/01\/EAZY-Systems.png?w=640&#038;ssl=1\" alt=\"EAZY-Systems\" \/><\/a><\/td>\n<td><em><strong>EAZY-Systems<br \/>\n<\/strong><\/em>Wir lieben es, Dinge einfach zu machen. Dabei verstehen wir uns nicht nur als der absolute Spezialist f\u00fcr Stellantriebe. Wir befassen uns mit Komponenten, denken aber in Systemen. Unser Anspruch ist es, immer einen Gedanken tiefer und einen Schritt weiter zu gehen. Innovative Regelsysteme samt Zubeh\u00f6r f\u00fcr Heizen und K\u00fchlen in der Haus- und Geb\u00e4udetechnik sind unsere Leidenschaft.<\/td>\n<\/tr>\n<tr>\n<td><a href=\"https:\/\/orben-wasseraufbereitung.de\/\" target=\"_blank\" rel=\"noopener noreferrer\"><img data-recalc-dims=\"1\" decoding=\"async\" data-attachment-id=\"248\" data-permalink=\"https:\/\/www.mitzlaff.info\/?attachment_id=248\" data-orig-file=\"https:\/\/i0.wp.com\/www.mitzlaff.info\/wp-content\/uploads\/2017\/12\/100px-height-blossom-ic.png?fit=322%2C100&amp;ssl=1\" data-orig-size=\"322,100\" data-comments-opened=\"1\" data-image-meta=\"{&quot;aperture&quot;:&quot;0&quot;,&quot;credit&quot;:&quot;&quot;,&quot;camera&quot;:&quot;&quot;,&quot;caption&quot;:&quot;&quot;,&quot;created_timestamp&quot;:&quot;0&quot;,&quot;copyright&quot;:&quot;&quot;,&quot;focal_length&quot;:&quot;0&quot;,&quot;iso&quot;:&quot;0&quot;,&quot;shutter_speed&quot;:&quot;0&quot;,&quot;title&quot;:&quot;&quot;,&quot;orientation&quot;:&quot;0&quot;}\" data-image-title=\"100px-height-blossom-ic\" data-image-description=\"\" data-image-caption=\"\" data-medium-file=\"https:\/\/i0.wp.com\/www.mitzlaff.info\/wp-content\/uploads\/2017\/12\/100px-height-blossom-ic.png?fit=300%2C93&amp;ssl=1\" data-large-file=\"https:\/\/i0.wp.com\/www.mitzlaff.info\/wp-content\/uploads\/2017\/12\/100px-height-blossom-ic.png?fit=322%2C100&amp;ssl=1\" class=\"aligncenter size-full wp-image-248\" src=\"https:\/\/i0.wp.com\/www.mitzlaff.info\/wp-content\/uploads\/2023\/01\/ORBEN.png?w=640&#038;ssl=1\" alt=\"ORBEN Wasseraufbereitung\" \/><\/a><\/td>\n<td><em><strong>ORBEN Wasseraufbereitung<br \/>\n<\/strong><\/em>Ionenaustauscher-Patronen erzeugen vollentsalztes Wasser auf einfachste Weise in h\u00f6chster Qualit\u00e4t. Sie sind leicht zu bedienen, transportabel und st\u00f6rungsunanf\u00e4llig \u2013 und auch unter den modernen Gesichtspunkten Nachhaltig- und Wirtschaftlichkeit topaktuell, sofern ihre Regeneration in die richtigen H\u00e4nde gelegt wird.<br \/>\nWir von ORBEN sind die Pioniere in der Service-Regeneration und wissen, was Sie als Anwender einer Ionenaustauscher Patrone brauchen: einen kompetenten Service, der kurzfristig f\u00fcr Sie vor Ort verf\u00fcgbar ist und eine Qualit\u00e4t liefert, die jeder \u00dcberpr\u00fcfung standhalten kann.<br \/>\nDank unserer Spezialisierung darauf verf\u00fcgen wir heute \u00fcber ein bundesweites Servicenetzwerk und k\u00f6nnen wann und wo immer Sie uns rufen, zu Ihren Diensten sein.<\/td>\n<\/tr>\n<\/tbody>\n<\/table>\n<p>&nbsp;<\/p>\n","protected":false},"excerpt":{"rendered":"<p>Als Industrievertretung vertreten wir verschiedene Unternehmen aus den Bereichen Heizung, L\u00fcftung und Sanit\u00e4r.\u00a0F\u00fcr die von uns gew\u00e4hlten Partner werden wir in den unterschiedlichsten Bereichen aktiv.\u00a0Ein enger Kontakt und ein intensiver Informationsaustausch bilden dabei die Basis einer erfolgreichen Zusammenarbeit.\u00a0F\u00fcr weitergehende Informationen zum jeweiligen Partner folgen Sie einfach den Link zu den entsprechenden Unternehmens-Webseiten. &nbsp; &nbsp; XYLEM&#8230;<\/p>\n","protected":false},"author":1,"featured_media":0,"parent":0,"menu_order":0,"comment_status":"closed","ping_status":"closed","template":"","meta":{"jetpack_post_was_ever_published":false,"footnotes":""},"class_list":["post-7","page","type-page","status-publish","hentry"],"jetpack_sharing_enabled":false,"jetpack_shortlink":"https:\/\/wp.me\/P9rCFk-7","jetpack_likes_enabled":false,"jetpack-related-posts":[],"_links":{"self":[{"href":"https:\/\/www.mitzlaff.info\/index.php?rest_route=\/wp\/v2\/pages\/7","targetHints":{"allow":["GET"]}}],"collection":[{"href":"https:\/\/www.mitzlaff.info\/index.php?rest_route=\/wp\/v2\/pages"}],"about":[{"href":"https:\/\/www.mitzlaff.info\/index.php?rest_route=\/wp\/v2\/types\/page"}],"author":[{"embeddable":true,"href":"https:\/\/www.mitzlaff.info\/index.php?rest_route=\/wp\/v2\/users\/1"}],"replies":[{"embeddable":true,"href":"https:\/\/www.mitzlaff.info\/index.php?rest_route=%2Fwp%2Fv2%2Fcomments&post=7"}],"version-history":[{"count":73,"href":"https:\/\/www.mitzlaff.info\/index.php?rest_route=\/wp\/v2\/pages\/7\/revisions"}],"predecessor-version":[{"id":339,"href":"https:\/\/www.mitzlaff.info\/index.php?rest_route=\/wp\/v2\/pages\/7\/revisions\/339"}],"wp:attachment":[{"href":"https:\/\/www.mitzlaff.info\/index.php?rest_route=%2Fwp%2Fv2%2Fmedia&parent=7"}],"curies":[{"name":"wp","href":"https:\/\/api.w.org\/{rel}","templated":true}]}}